{"id":10,"date":"2025-11-13T11:42:39","date_gmt":"2025-11-13T14:42:39","guid":{"rendered":"https:\/\/quilombolagarto.com.br\/?page_id=10"},"modified":"2025-12-11T15:54:38","modified_gmt":"2025-12-11T18:54:38","slug":"transparencia-2","status":"publish","type":"page","link":"https:\/\/quilombolagarto.com.br\/?page_id=10","title":{"rendered":"Transpar\u00eancia"},"content":{"rendered":"\t\t<div data-elementor-type=\"wp-page\" data-elementor-id=\"10\" class=\"elementor elementor-10\" data-elementor-post-type=\"page\">\n\t\t\t\t<div class=\"elementor-element elementor-element-e7cae63 e-flex e-con-boxed e-con e-parent\" data-id=\"e7cae63\" data-element_type=\"container\" data-settings=\"{&quot;background_background&quot;:&quot;slideshow&quot;,&quot;background_slideshow_gallery&quot;:[{&quot;id&quot;:92,&quot;url&quot;:&quot;https:\\\/\\\/quilombolagarto.com.br\\\/wp-content\\\/uploads\\\/2025\\\/11\\\/Imagem-do-WhatsApp-de-2025-11-21-as-10.02.43_4a176f2c.jpg&quot;},{&quot;id&quot;:93,&quot;url&quot;:&quot;https:\\\/\\\/quilombolagarto.com.br\\\/wp-content\\\/uploads\\\/2025\\\/11\\\/Imagem-do-WhatsApp-de-2025-11-21-as-10.02.45_be1a4196.jpg&quot;}],&quot;background_slideshow_loop&quot;:&quot;yes&quot;,&quot;background_slideshow_slide_duration&quot;:5000,&quot;background_slideshow_slide_transition&quot;:&quot;fade&quot;,&quot;background_slideshow_transition_duration&quot;:500}\">\n\t\t\t\t\t<div class=\"e-con-inner\">\n\t\t<div class=\"elementor-element elementor-element-db4e341 e-con-full e-flex e-con e-child\" data-id=\"db4e341\" data-element_type=\"container\">\n\t\t\t\t<div class=\"elementor-element elementor-element-496ae07 elementor-widget elementor-widget-heading\" data-id=\"496ae07\" data-element_type=\"widget\" data-widget_type=\"heading.default\">\n\t\t\t\t\t<h1 class=\"elementor-heading-title elementor-size-default\">Transpar\u00eancia<\/h1>\t\t\t\t<\/div>\n\t\t\t\t<div class=\"elementor-element elementor-element-9a3b8cc elementor-widget elementor-widget-spacer\" data-id=\"9a3b8cc\" data-element_type=\"widget\" data-widget_type=\"spacer.default\">\n\t\t\t\t\t\t\t<div class=\"elementor-spacer\">\n\t\t\t<div class=\"elementor-spacer-inner\"><\/div>\n\t\t<\/div>\n\t\t\t\t\t\t<\/div>\n\t\t\t\t<\/div>\n\t\t\t\t\t<\/div>\n\t\t\t\t<\/div>\n\t\t<div class=\"elementor-element elementor-element-16be191 e-flex e-con-boxed e-con e-parent\" data-id=\"16be191\" data-element_type=\"container\">\n\t\t\t\t\t<div class=\"e-con-inner\">\n\t\t\t\t<div class=\"elementor-element elementor-element-f1097d9 elementor-widget elementor-widget-spacer\" data-id=\"f1097d9\" data-element_type=\"widget\" data-widget_type=\"spacer.default\">\n\t\t\t\t\t\t\t<div class=\"elementor-spacer\">\n\t\t\t<div class=\"elementor-spacer-inner\"><\/div>\n\t\t<\/div>\n\t\t\t\t\t\t<\/div>\n\t\t\t\t<div class=\"elementor-element elementor-element-0a30b3d e-n-tabs-mobile elementor-widget elementor-widget-n-tabs\" data-id=\"0a30b3d\" data-element_type=\"widget\" data-settings=\"{&quot;horizontal_scroll&quot;:&quot;disable&quot;}\" data-widget_type=\"nested-tabs.default\">\n\t\t\t\t\t\t\t<div class=\"e-n-tabs\" data-widget-number=\"10685245\" aria-label=\"Abas. Abra itens com &quot;Enter&quot; ou &quot;Espa\u00e7o&quot;, feche com &quot;Escape&quot; e navegue usando as teclas de &quot;Seta&quot;.\">\n\t\t\t<div class=\"e-n-tabs-heading\" role=\"tablist\">\n\t\t\t\t\t<button id=\"e-n-tab-title-106852451\" class=\"e-n-tab-title\" aria-selected=\"true\" data-tab-index=\"1\" role=\"tab\" tabindex=\"0\" aria-controls=\"e-n-tab-content-106852451\" style=\"--n-tabs-title-order: 1;\">\n\t\t\t\t\t\t<span class=\"e-n-tab-title-text\">\n\t\t\t\tDeclara\u00e7\u00e3o de  Atendimento ao Cumprimento da Decis\u00e3o do STF  na ADPF n\u00ba 854, art. 11 da Lei n\u00ba 13.019\/2014 e art. 80 do  Decreto n. 8.726\/2016\t\t\t<\/span>\n\t\t<\/button>\n\t\t\t\t\t<\/div>\n\t\t\t<div class=\"e-n-tabs-content\">\n\t\t\t\t<div id=\"e-n-tab-content-106852451\" role=\"tabpanel\" aria-labelledby=\"e-n-tab-title-106852451\" data-tab-index=\"1\" style=\"--n-tabs-title-order: 1;\" class=\"e-active elementor-element elementor-element-148239d e-con-full e-flex e-con e-child\" data-id=\"148239d\" data-element_type=\"container\">\n\t\t\t\t<div class=\"elementor-element elementor-element-451ac24 elementor-widget elementor-widget-bae-doc-embedder\" data-id=\"451ac24\" data-element_type=\"widget\" data-widget_type=\"bae-doc-embedder.default\">\n\t\t\t\t<div class=\"elementor-widget-container\">\n\t\t\t\t\t      <div class=\"my-doc\">\n\t\t<iframe src=\"https:\/\/docs.google.com\/viewer?url=https:\/\/quilombolagarto.com.br\/wp-content\/uploads\/2025\/11\/Declaracao_deC2A0_Atendimento_ao_Cumprimento_da_Decisao_do_STF.pdf?download=false&#038;embedded=true&amp;embedded=true\"  allowfullscreen>\n\t\t<\/iframe>\n\t<\/div>\n\t\t\t\t\t<\/div>\n\t\t\t\t<\/div>\n\t\t\t\t<\/div>\n\t\t\t\t\t<\/div>\n\t\t<\/div>\n\t\t\t\t\t\t<\/div>\n\t\t\t\t\t<\/div>\n\t\t\t\t<\/div>\n\t\t<div class=\"elementor-element elementor-element-9cafab6 e-flex e-con-boxed e-con e-parent\" data-id=\"9cafab6\" data-element_type=\"container\">\n\t\t\t\t\t<div class=\"e-con-inner\">\n\t\t\t\t<div class=\"elementor-element elementor-element-9ec04a3 elementor-widget elementor-widget-spacer\" data-id=\"9ec04a3\" data-element_type=\"widget\" data-widget_type=\"spacer.default\">\n\t\t\t\t\t\t\t<div class=\"elementor-spacer\">\n\t\t\t<div class=\"elementor-spacer-inner\"><\/div>\n\t\t<\/div>\n\t\t\t\t\t\t<\/div>\n\t\t\t\t\t<\/div>\n\t\t\t\t<\/div>\n\t\t<div class=\"elementor-element elementor-element-8ae2c52 e-flex e-con-boxed e-con e-parent\" data-id=\"8ae2c52\" data-element_type=\"container\" data-settings=\"{&quot;background_background&quot;:&quot;classic&quot;}\">\n\t\t\t\t\t<div class=\"e-con-inner\">\n\t\t<div class=\"elementor-element elementor-element-b6c9e93 e-con-full e-flex e-con e-child\" data-id=\"b6c9e93\" data-element_type=\"container\" data-settings=\"{&quot;background_background&quot;:&quot;classic&quot;}\">\n\t\t\t\t<div class=\"elementor-element elementor-element-2fbca18 elementor-widget elementor-widget-text-editor\" data-id=\"2fbca18\" data-element_type=\"widget\" data-widget_type=\"text-editor.default\">\n\t\t\t\t\t\t\t\t\t<p>Associa\u00e7\u00e3o Comunit\u00e1ria e Produtiva dos Moradores do Povoado Quilombo e Adjac\u00eancias<br \/>CNPJ N\u00b0 02.546.647\/0001-49<br \/>Estrada de Z\u00e9 F\u00e9lix, S\/N, Povoado Quilombo, \u00c1rea Rural, Lagarto\/SE<\/p>\t\t\t\t\t\t\t\t<\/div>\n\t\t\t\t<\/div>\n\t\t\t\t\t<\/div>\n\t\t\t\t<\/div>\n\t\t\t\t<\/div>\n\t\t","protected":false},"excerpt":{"rendered":"<p>Transpar\u00eancia Declara\u00e7\u00e3o de Atendimento ao Cumprimento da Decis\u00e3o do STF na ADPF n\u00ba 854, art. 11 da Lei n\u00ba 13.019\/2014 e art. 80 do Decreto n. 8.726\/2016 Associa\u00e7\u00e3o Comunit\u00e1ria e Produtiva dos Moradores do Povoado Quilombo e Adjac\u00eanciasCNPJ N\u00b0 02.546.647\/0001-49Estrada de Z\u00e9 F\u00e9lix, S\/N, Povoado Quilombo, \u00c1rea Rural, Lagarto\/SE<\/p>\n","protected":false},"author":1,"featured_media":0,"parent":0,"menu_order":0,"comment_status":"closed","ping_status":"closed","template":"","meta":{"footnotes":""},"class_list":["post-10","page","type-page","status-publish","hentry"],"_links":{"self":[{"href":"https:\/\/quilombolagarto.com.br\/index.php?rest_route=\/wp\/v2\/pages\/10","targetHints":{"allow":["GET"]}}],"collection":[{"href":"https:\/\/quilombolagarto.com.br\/index.php?rest_route=\/wp\/v2\/pages"}],"about":[{"href":"https:\/\/quilombolagarto.com.br\/index.php?rest_route=\/wp\/v2\/types\/page"}],"author":[{"embeddable":true,"href":"https:\/\/quilombolagarto.com.br\/index.php?rest_route=\/wp\/v2\/users\/1"}],"replies":[{"embeddable":true,"href":"https:\/\/quilombolagarto.com.br\/index.php?rest_route=%2Fwp%2Fv2%2Fcomments&post=10"}],"version-history":[{"count":95,"href":"https:\/\/quilombolagarto.com.br\/index.php?rest_route=\/wp\/v2\/pages\/10\/revisions"}],"predecessor-version":[{"id":175,"href":"https:\/\/quilombolagarto.com.br\/index.php?rest_route=\/wp\/v2\/pages\/10\/revisions\/175"}],"wp:attachment":[{"href":"https:\/\/quilombolagarto.com.br\/index.php?rest_route=%2Fwp%2Fv2%2Fmedia&parent=10"}],"curies":[{"name":"wp","href":"https:\/\/api.w.org\/{rel}","templated":true}]}}